
5
Let q be 6/(-4)*(-30)/9. Let d = 8 - q. What is the units digit of d/4 - 2/(-8)?
1
Let i = -9 + 16. Let l = i - -4. What is the tens digit of l?
1
Let d be 1 - (-3)/(-1*3). Suppose -2*w + 5*k = d, -4*w + 10*k = 5*k. Suppose w*p = 2*p - 14. What is the units digit of p?
7
What is the units digit of ((-1458)/(-7) - 2) + 8/(-28)?
6
Suppose -l - 2*l = -102. What is the units digit of l?
4
Let n be (-3)/(-9)*0 + 3. Suppose 2*a - n*a - 2 = 0. What is the tens digit of (a - -5)*(-22)/(-6)?
1
Suppose 5*f = 2*v + 1020, 0 = -5*f + 5*v + 782 + 253. What is the hundreds digit of f?
2
What is the hundreds digit of (207/(-115))/((-6)/940)?
2
Suppose -5*n + 3 + 27 = 0. Suppose 4*j - 5*j = -9. Let d = j - n. What is the units digit of d?
3
Let d = -5 - 3. Let v(h) = -6*h - 10. Let k be v(d). Let l = -27 + k. What is the units digit of l?
1
Let z be 0*(-5 + 2 - -2). Suppose z = 5*l - 4*k - 72, -k - 39 = -2*l + 4*k. What is the tens digit of l?
1
Suppose 56 = 3*m - 52. Let g = 50 - m. What is the units digit of g?
4
Suppose 3*h = -2*t + 78, -t + h = t - 94. Let k = t + -12. What is the tens digit of k?
3
Let n(w) = -2*w. Let s be n(1). Let o(i) = -i**3 - 2*i**2 + 4*i + 3. Let m be o(s). Let h = m - -10. What is the units digit of h?
5
What is the units digit of 60/(-25)*(358 - -2)/(-3)?
8
Let c(i) = i - 2*i**2 + i - 2 - i**3 + 3*i**3. Let r = 11 + -9. What is the tens digit of c(r)?
1
Let q(a) = a**3 + 7*a**2 - a + 11. What is the units digit of q(-6)?
3
Let j(k) = -21*k**2 - k. Let d be j(-1). Let x be d/6*(-4 + 1). Let q(m) = -m**2 + 10*m + 10. What is the units digit of q(x)?
0
Let s(y) = -5*y + 2. Let b be s(2). Let p be (4/b)/((-1)/6). Suppose -4*f + 9 = p*g, 3*g = 2*g - 1. What is the units digit of f?
3
Suppose -6*u - 8*u - 84 = 0. Let n(s) = -10*s - 4*s**2 - 5 + 3*s**2 - 2. What is the tens digit of n(u)?
1
Suppose -w = t + 7 - 0, 0 = -5*w - 3*t - 37. Let p be (14/w)/(1/(-16)). Let c = p - 18. What is the tens digit of c?
1
Let k(v) = -2*v - 1. Let j(z) be the first derivative of z**2/2 + 3. Let l be j(-4). What is the units digit of k(l)?
7
Let j be 57 - ((-6)/(-3) - 3). Let x be 1*(j - 2)/2. Suppose 4*k = 4*z - x, -3*z - z + 3*k + 24 = 0. What is the units digit of z?
3
Suppose 5*q - 2*q = 9. Suppose 3*z - 2*b - 14 = 0, -4*z - 2*b + 11 = q*b. Suppose -z = -4*i + 2*i. What is the units digit of i?
2
Let d = 0 + 36. Let t = d + 0. Suppose 11 = -5*o + t. What is the units digit of o?
5
What is the hundreds digit of (388/1)/((3*-2)/(-3))?
1
Suppose 0*f + 680 = 8*f. What is the units digit of f?
5
Suppose -4*m = -8*m + 60. What is the units digit of ((-31)/(-3))/(5/m)?
1
Let c(p) = -p**2 - p + 3. Let s be c(-4). Let b(a) = -a**3 - 8*a**2 + 9*a + 8. What is the units digit of b(s)?
8
Suppose 4 = -2*h + 90. What is the units digit of h?
3
Let p = -11 - -14. What is the units digit of p - (-31)/(-2)*-2?
4
Let n(m) = m**2 + m + 4. Let z be n(0). Let q = 0 + z. Suppose -q*p + 17 = -7. What is the units digit of p?
6
What is the tens digit of (-8)/(1 - 42/38)?
7
Suppose -4*u - u = 0. Suppose -5*f + 31 + 24 = u. What is the units digit of f?
1
Let m(d) = d**2 - 3*d - 5. What is the tens digit of m(-4)?
2
Suppose -2*m = -y - 6, y = 3*m - y - 8. Suppose 8*b = m*b + 16. What is the units digit of b?
4
Let k(j) = j - 6. Let n be k(8). What is the units digit of n/9 + 2552/99?
6
Let k = 4 + 0. Suppose -5*y - 15 = -8*y. Suppose 3*t = -o + 7, -o - 4 = -k*t - y*o. What is the units digit of t?
3
Let w(j) = -12*j - 6. Let f be w(-3). Suppose 2*z = -z + f. What is the tens digit of z?
1
Let s be (-2)/3 + (-40)/(-6). What is the units digit of (s/(-2))/((-6)/8)?
4
Suppose 5*i - 3*v + 35 = 0, i + 4*v = -v + 21. Let d(o) = o**3 + 3*o**2 - 5*o - 1. Let y be d(i). Suppose -3 = y*c - 27. What is the units digit of c?
8
Let i = 141 + -67. What is the tens digit of i?
7
Let x be 2/(-4)*(2 + -12). Let w = 4 - x. What is the units digit of (-26)/(-2) - (w - -1)?
3
Suppose 0*l + 41 = l. Suppose 4*z + 3*j + l = -74, -2*z - 5*j = 75. Let m = z - -42. What is the tens digit of m?
1
Let n = 0 - 1. Let m(v) = -21*v**3 - v**2 - v - 1. Let j be m(n). Let b = j + -10. What is the tens digit of b?
1
Let a = -17 - -32. Suppose -3*u = -7*u + 4. Let n = a + u. What is the units digit of n?
6
Let l = -221 + 125. Let p be 6/(-15) - l/15. What is the units digit of (1 + 3/(-6))*p?
3
Suppose 7*j - 452 - 458 = 0. What is the tens digit of j?
3
What is the units digit of 4 + 0 + -4 + 3?
3
Suppose 0 = d - 3*d + 18. Let o(u) = u + 1. What is the tens digit of o(d)?
1
Suppose -n + o + 2 = 0, -4*o = 3*n - 2*o - 6. Suppose -n*b - 4*u + 24 = -8, b + 4*u - 18 = 0. What is the units digit of b?
4
Suppose -3*v - 51 = -d, -v - 29 + 72 = d. What is the units digit of d?
5
Suppose 4*y - 11 = 13. Suppose 120 = y*j - j. What is the tens digit of j?
2
Let w(k) = -k - 4. Let y be w(-11). Suppose o - y = -2*c, 0*o = c + 3*o - 6. Suppose -33 = -0*z - c*z. What is the units digit of z?
1
Let y = 14 + -9. Suppose -y*i + i = -28. What is the units digit of i?
7
What is the hundreds digit of (-5)/(-15)*-3*-355?
3
Suppose 2*g + 114 = -3*j + 632, 5*j = 4*g + 900. What is the hundreds digit of j?
1
Suppose 1282 = 10*n - 738. What is the hundreds digit of n?
2
Let f = -7 - -11. Suppose -f*t = -0*t - 12. Suppose -3 = w, -3*z + t*w = 2*z - 79. What is the units digit of z?
4
What is the units digit of (110/7)/(4/28)?
0
Suppose -5 = -2*n - 0*n + z, 0 = -n - 2*z. Suppose 0 = f + n*f - 6. What is the units digit of f?
2
Let y = -80 - -116. What is the units digit of y?
6
Let j(t) = t + 16. What is the units digit of j(-8)?
8
Let g(b) = -10*b + 6. Let y(q) = q. Let a(w) = -g(w) - 8*y(w). What is the tens digit of a(9)?
1
Suppose -4*f + 3 = -5. Suppose 0*d + f*d - 16 = 0. What is the units digit of d?
8
Suppose m = 5*g - 28, -4*m = -2*g + 14 + 8. Let s = 4 - g. What is the units digit of -1 + (0 - (-6 - s))?
4
Let c = -5 + 9. Let f = c + 3. What is the units digit of f?
7
Let g(q) = 3*q**3 - 2*q**2 - 3*q + 2. Let f be g(2). What is the tens digit of 280/f - (-4)/6?
2
Let g(f) = 2*f. Suppose -3*b - 2*p + 14 - 3 = 0, 0 = -b - 4*p + 17. Let c = 0 + b. What is the units digit of g(c)?
2
Suppose -2*o + 4*o = 6. Suppose 8*m - o*m = 15. Suppose -m*r = -3*j - 21, 0 = -2*j + 6 - 2. What is the units digit of r?
9
Suppose -4*l = -95 - 61. What is the units digit of l?
9
Suppose 0 = 4*b - 2*f - 158 - 96, 2*f = 10. Let g = -38 + b. What is the tens digit of g?
2
Suppose -134 = 14*c - 16*c. What is the units digit of c?
7
Suppose 0 - 20 = -5*w, h = 5*w - 17. Let g = h + -3. Suppose g*r - r + 2 = 0. What is the units digit of r?
2
Let t = 0 - -11. Let a = t - 5. What is the units digit of a?
6
Let q be (2/(-2))/(2/62). Let r be 5/(-10) + q/(-2). Let o = r - 9. What is the units digit of o?
6
Let m = -114 + 44. Let u be (-15)/(-10) - m/(-4). Let b = u - -27. What is the tens digit of b?
1
Let f = -28 + 50. Let r = 15 + -31. Let w = f + r. What is the units digit of w?
6
Let x(w) = w**2 - 7*w + 12 - 3*w**2 + 3*w**2. What is the tens digit of x(8)?
2
Suppose 0 = 5*y - 2*y. Suppose -5*c + y = -15. Suppose -3*x = -c - 30. What is the tens digit of x?
1
Suppose -5*z + 85 = 5. Let s = z + -10. What is the units digit of s?
6
Let y = -27 - -255. What is the units digit of (1 + 0)/(6/y)?
8
Let g(y) = -29*y**3 - y**2. What is the tens digit of g(-1)?
2
Suppose -3 = -4*m + 13. What is the units digit of m?
4
Suppose u + 2*m - 7 = -1, -4*m = 4*u - 40. What is the units digit of u + (1 - (0 + 0))?
5
Let s(v) = v**3 + 7*v**2 + 2*v + 7. What is the tens digit of s(-5)?
4
Let a(j) = -2*j**2 - 2*j + 2. Let o be a(2). What is the tens digit of (-116)/(-10)*o/(-4)?
2
Suppose -5*w - d + 14 + 9 = 0, -4*d = -4*w + 4. Suppose -x + 6 = g - 5*x, 0 = -2*g - x - 6. Let b = g + w. What is the units digit of b?
2
Let b(w) be the third derivative of -w**4/24 - w**2. Let k be b(6). What is the units digit of k/(-3)*4/2?
4
Suppose u - 20 = 4*n - 2*n, 5*u + n - 155 = 0. What is the units digit of u?
0
Let n be (4/(-3))/((-2)/3). Suppose s + y - 2 = 0, n*s - y + 17 = 6. Let k = s + 12. What is the units digit of k?
9
Let f(b) be the second derivative of 13*b**6/720 - b**5/120 + b**4/12 + 3*b. Let g(a) be the third derivative of f(a). What is the units digit of g(1)?
2
Let 